t i be 1*(1 - -6)*1. Let l be 262*((-21)/(-6))/i. Suppose 0 = 3*m + 2*t - l, -2*m - 3*t - 141 = -5*m. What is the tens digit of m?
4
Let q(b) = b**3 - 8*b**2 + 16*b + 4. Suppose 25 = 5*g - d - 14, 4*g = -2*d + 34. What is the units digit of q(g)?
2
Suppose 0 = -v - 4*c + 83 + 169, 4*v = 4*c + 908. What is the units digit of v?
2
Suppose -3*u + 52 = -26. Suppose -78 = 4*v + u. Let a = v - -49. What is the units digit of a?
3
Let r be 4/10 + 3/5. What is the tens digit of (-432)/(-40) + r/5?
1
Let i be (-4)/18 + 26120/90. Suppose 5*d - i = -2*p, p + 174 = 3*d - 0*p. What is the units digit of d?
8
Let o(f) = -f**2 - 19*f - 30. Let z be o(-17). What is the units digit of (z + -7 - 7/(-3))*-108?
2
Let b(m) be the first derivative of m**4/2 - 2*m**3/3 + m**2 - 2*m + 3. Suppose -3*i = -3*v - 24, 0 = -4*i + i + 4*v + 29. What is the tens digit of b(i)?
4
Let x(r) = -r**2 + 7*r + 1. Let w(g) = -g**3 + 5*g**2 - 2*g - 1. Let u be w(2). Let a be x(u). Let b = 3 + a. What is the units digit of b?
4
Suppose 0 = -30*q - q + 9920. What is the hundreds digit of q?
3
Let m = -370 - -535. Suppose 3*b - 252 = -3*g, -6*b = 2*g - b - m. What is the tens digit of g?
8
Let z(f) = -83*f + 323. What is the units digit of z(-9)?
0
Let g(h) = 3*h**2 + h + 1. Let l(x) = x**2 - 5*x - 12. Let b be l(6). What is the units digit of g(b)?
3
Let q be (4 - 5)/(2/(-6)). Suppose -4*o - n = q - 13, -3*o = -2*n - 2. What is the tens digit of o/6 + 1038/18?
5
Let i(u) = 72*u**2 - 2*u + 2. Let s(a) = a**2 + a - 1. Let b(t) = i(t) + 3*s(t). What is the tens digit of b(1)?
7
Suppose -18*x = -3703 - 23297. What is the thousands digit of x?
1
Suppose -46*z - 40*z = -463282. What is the units digit of z?
7
What is the hundreds digit of (369/(-18))/((-2)/284)?
9
Let r(y) = -y**3 + 8*y**2 - y - 2. Let x = -50 + 53. What is the tens digit of r(x)?
4
Let j be -23 + 2/(8/12). Let p(u) be the third derivative of -u**6/120 - 19*u**5/60 + 17*u**4/24 + 10*u**3/3 - 24*u**2. What is the tens digit of p(j)?
8
Suppose -4*s + 6*s = 2140. What is the hundreds digit of s?
0
Let i be 8/(-20) - (16296/(-10))/4. Let z = -197 + i. What is the tens digit of z?
1
Suppose -5*j + 32 = -48. Let h be (-4 - (-3 + 2)) + -2. What is the units digit of j/(-10)*(-10 - h)?
8
Let f = 93 - -19. What is the hundreds digit of f?
1
Let f(i) = 2*i**2 + 12*i - 6. Suppose 2*y + 18 + 0 = 0. What is the tens digit of f(y)?
4
Suppose 0 = -y + 24 - 0. Let i be 1565/40 + (-3)/y. Suppose 0 = -4*c - i + 71. What is the units digit of c?
8
What is the hundreds digit of (851/74)/(0 - 2/(-116))?
6
Let j = 23 - 19. Let k be j/10*5 + 19. Let y = k - -18. What is the tens digit of y?
3
Suppose -2*b = -4*a + 12518, -2*b = -5*a - 5*b + 15675. What is the hundreds digit of a?
1
Let x = 6 + -3. Let n(z) = -3*z - 65. Let b be n(-23). Suppose -5*h = b*l - 327, 0 - x = -h. What is the units digit of l?
8
Suppose -68*i + 350976 + 53148 = 0. What is the tens digit of i?
4
Suppose -2*w + 3*d + 11 = 3, -5*d + 20 = 5*w. Suppose 0 = -7*i + 3 + w. What is the units digit of ((-55)/15)/(i/(-3))?
1
Suppose 7*m - 6979 = 20314. What is the tens digit of m?
9
Suppose 0 = -3*z + 4*z - 4. Suppose 44 = 2*x + 4*v, 4*v = x + x - z. Suppose -x = -9*s + 6*s. What is the units digit of s?
4
Let k(v) = 0*v - 2*v - 6*v - 4 + 17. What is the units digit of k(-9)?
5
Suppose -9*z + 4*z = -15. Suppose 92 = z*h + i - 15, 2*i = -4*h + 146. What is the units digit of h?
4
Let d(u) be the first derivative of -u**2/2 + 2*u - 13. Let v be d(0). Suppose 0 = 4*n + y - 176, 3*n = v*y + 20 + 123. What is the units digit of n?
5
Suppose b = -2*n + 19, 0 = 3*n + 2*n - 10. What is the tens digit of (0 + (-528)/b)*-5?
7
Suppose 3*u + 20 = 3*j - 37, 3*j - 72 = 4*u. Let k = 41 + u. What is the units digit of k?
6
Suppose -5*x + 35 = -115. Suppose i - 5*w + 15 = 0, -5*i + 3*w + x = -w. What is the units digit of i?
0
Let z be 11/(22/(-60)) + 0. What is the tens digit of z*8/(-12)*2?
4
What is the tens digit of 178*(-234)/(-20) + 7/5?
8
Let h(n) = -n**3 - n**2 + 4. Let w be (-7 + 6)/(1/(-3)). Suppose 3*c = 3*j - 12, w*c = -2*c - 20. What is the units digit of h(j)?
4
Suppose -a + 44 = -r - 193, 2*r + 234 = a. What is the units digit of a?
0
Let p(f) = f**3 - 4*f**2 - 5*f - 7. Let c(u) = u**3 + 7*u**2 - 10*u - 5. Let d be c(-8). Suppose q = -5 + d. What is the tens digit of p(q)?
3
Suppose o + 3*y = 33, 2*y - 3*y = -4*o + 67. Let n = o - 46. Let r = -18 - n. What is the tens digit of r?
1
Let o(k) = 5*k - 28. Let f be o(26). Suppose -2*n = -5*s - 85, -3*n + f = 3*s - 36. What is the units digit of n?
5
Let l(a) = -25 + 59 + 2*a**2 - 7*a - 19 - 20. Suppose 6*r - 30 = r. What is the tens digit of l(r)?
2
Suppose -2*k = 3*k - 5. Suppose 3*l = 4*b - 94, 0 = 11*b - 14*b + 3*l + 69. What is the units digit of (4 - b/k)*-1?
1
Let c(i) = i**3 - 3*i**2 + 2*i + 3. What is the units digit of c(0)?
3
Let y(l) = -12*l**3 - 2*l**2 - 2*l. Let q be y(-2). Let i = q - -10. What is the tens digit of i?
0
Let f = -110 - -237. Suppose -130*g = -f*g - 546. What is the units digit of g?
2
Let h(y) = 7*y**3 - 7*y**2 + 6*y + 9. What is the hundreds digit of h(4)?
3
Let p be 90/(-40) + 2/8. Let q be (-6)/(-2*p/4). Let d = 18 - q. What is the tens digit of d?
2
Suppose -52723 - 58277 = -50*t. What is the tens digit of t?
2
Suppose -7561 = -5*z - 5*r - 1121, 3*z - 3852 = r. What is the hundreds digit of z?
2
Suppose -c + 74 = 4*m + c, -m - 3*c = -21. Suppose 16*u - m*u = -334. What is the units digit of u?
7
Suppose 3*n = -2*n + 20. Suppose -2*a - n*x + 248 = 0, -4*a - a - x = -656. Suppose 0 = -t - 2*t + a. What is the units digit of t?
4
Let i = 887 - 25. What is the hundreds digit of i?
8
What is the units digit of (-6)/(-4)*3724/114?
9
Let b = 284 + -248. Let m(c) = c**2 - 7*c + 5. Let y be m(5). Let f = y + b. What is the units digit of f?
1
Suppose -4*l + r = -2 - 5, -4*l + 3*r - 3 = 0. Suppose l*a - p = -2*p + 328, 2*p = -4*a + 440. What is the units digit of a?
8
Let o = 292 - 148. What is the tens digit of o?
4
Suppose 3*z + z = 3*d + 8922, -2*z = 2*d - 4454. What is the thousands digit of z?
2
Suppose -3*z + 6123 = 2115. What is the tens digit of z?
3
Let n(g) = 24*g**2 + 16*g - 27. What is the tens digit of n(7)?
6
Let m(p) = -12*p - 6. Suppose 0 = -7*k + 52 - 3. Suppose -k = 3*h + 8. What is the units digit of m(h)?
4
Let t = -32 + 62. Let q = t - 8. Suppose -q = -4*z + 78. What is the units digit of z?
5
Suppose 0 = -4*r - 1 - 3. Let u be 1/(r/12*-3). Suppose -u*p + 100 = 5*d, -2*p + 2*d + 11 = -39. What is the units digit of p?
5
Let f(h) = -9*h**3 - 4*h**2 + 10*h + 2. What is the tens digit of f(-4)?
7
Let a(o) = 3*o - 10. Let z be a(5). Let f(i) = z*i - i + 6 + 0*i - 2*i. What is the units digit of f(6)?
8
Suppose -74988 = -17*d - d. What is the units digit of d?
6
Let o = -254 + 414. Let i = o + -74. What is the tens digit of i?
8
Let o(k) = -1 + 0*k**3 + k**3 + 1 + 3 - 2*k**2. Let i be o(4). Suppose 2*j - i = -3. What is the units digit of j?
6
Let u(n) = -n**2 - n - 3. Let l be u(0). Let j = l - 1. What is the tens digit of j/18 + (-600)/(-27)?
2
Let y(f) = -27*f - 1. Let l be 120/(-105) - (-1)/7. What is the units digit of y(l)?
6
Let w be ((-24)/4)/3 + 84. Let g = w + -4. What is the tens digit of g?
7
Let h = 14 + -17. What is the units digit of (h/(-3))/(-3)*-3?
1
Suppose 3*h + 253 = -191. What is the units digit of (h/5)/(36/(-90))?
4
What is the units digit of ((-3)/2)/(171/(-105450))?
5
Let t(g) = -5*g - 5*g**2 + 6*g**2 - 2*g. Let x be t(6). What is the units digit of (-7 + -131)*2/x?
6
Let w = -1881 + 4067. What is the tens digit of w?
8
Suppose -2*g = -5*r + 4, 0 = -0*r + 2*r - g - 1. Suppose 4*u - 2*u - 65 = -3*m, 70 = r*u + 2*m. What is the units digit of u?
0
Let c be (0 + -3)*20/6. Suppose 2*x - 3*m - 132 = -2*x, -2*x + 66 = -2*m. Let w = x + c. What is the units digit of w?
3
Let y be (-2)/9 + 5982/(-108)*2. Let a = -89 - y. What is the units digit of a?
2
Let y be -91 - (0 + -1 + 1). What is the tens digit of (0 - y) + 2 - -1?
9
Let f(g) = 7*g + 131. What is the units digit of f(-16)?
9
Suppose 90753 = 18*x + 27195. What is the hundreds digit of x?
5
Let m(g) = 11*g**3 - 6*g**2 - 5*g - 5. Let z(p) = p**3 - p**2 - p - 1. Let d(c) = -m(c) + 4*z(c). Let b be d(2). What is the tens d